(-1 - 13)*(-2 + 1). Suppose -66 = -4*r - l. Is (-2)/(-2) + 141 + r a prime number?
False
Suppose -3 = -0*q + 3*q. Let h be q*5*(4 - 5). Suppose -h*n - 324 - 285 = -2*u, 946 = 3*u - n. Is u a composite number?
False
Let c(j) = j**3 - 23*j**2 + 132*j - 23. Is c(23) a prime number?
False
Let u(q) be the first derivative of -1/2*q**2 + 4*q - 3. Is u(-3) a composite number?
False
Let w = -11 - -14. Suppose -w*p = -p - 8. Suppose 0 = p*k - 109 + 21. Is k prime?
False
Let p = -300 + 695. Is p a composite number?
True
Is (2081 + 0)/(3 + 20/(-8)) prime?
False
Let u = 10 - -2. Suppose 2*t - t - 261 = -2*j, -u = -4*t. Suppose -5*v + 926 = -j. Is v prime?
True
Let m = 6 + -4. Suppose -h - 3*q = -10, q = -5*h + m*q + 18. Suppose -5*n + 4*o - 3*o + 2131 = 0, -838 = -2*n + h*o. Is n composite?
True
Let j(a) = -a**2 + 35*a - 19. Suppose 68 = 5*s - s. Is j(s) a composite number?
True
Suppose 11187 = d - 5*s, 3*d - 4*d - s + 11199 = 0. Is d composite?
False
Suppose -3*y + o + 2 = -6*y, 4*y + 10 = -5*o. Suppose n - 631 = -y*n. Is n a composite number?
False
Let m be ((-7)/(-2))/7*88. Let y be 893/57*(m - -1). Suppose -5*b + y = -605. Is b a prime number?
False
Suppose 4*h + 4*s - 28 = 0, -4*h = -2*s - 13 - 3. Suppose -4*j = -2*o - 4854, 0 = 3*j + h*o - o - 3646. Is j a composite number?
True
Suppose -20*p + 16*p + 6548 = 0. Is p composite?
False
Suppose 0*b = 4*b + 2*v - 6, -5*b = 3*v - 7. Suppose 5*p - 4497 = b*p. Is p a prime number?
True
Let o(j) = 1894*j**3 - 5*j**2 + 6*j - 1. Let b(w) = -1895*w**3 + 6*w**2 - 7*w + 1. Let l(h) = 5*b(h) + 6*o(h). Is l(1) composite?
False
Is ((-108430)/(-105))/(4/42) composite?
True
Suppose -224017 = -33*i + 3650. Is i composite?
False
Is (-129 + -79752)*(-2)/6 composite?
False
Let n be (-5)/2 - (-1)/(-2). Let t be 50/20 + n/2. Is (t + 1)/(2/34) prime?
False
Suppose 15465 = -a + 87263. Is 22/99 - a/(-18) a composite number?
False
Let z(j) = -j + 1. Let w be z(-1). Let a be (41/w)/(2/12). Suppose -x + 373 = 2*x - 5*m, 0 = -x + 2*m + a. Is x prime?
True
Suppose 15*s = 9*s + 12. Suppose y - 1428 = -y. Suppose w = 3*r - s*w - 432, 5*r - 3*w = y. Is r a composite number?
True
Suppose -t + 8939 = 4*u, u - t - 1845 = 386. Is u a composite number?
True
Let j(f) = -f - 27. Let y be j(-11). Is y/120 - (-1907)/15 prime?
True
Let z(k) = 3*k + 0*k - 3*k + 15 + 12*k. Let s(r) = r**3 - 11*r**2 - 2*r + 30. Let x be s(11). Is z(x) composite?
True
Is (-1)/((-2)/6)*34025/15 a prime number?
False
Is 92/12 + -9 - (-384220)/12 composite?
True
Let z = -10 - -11. Suppose 19 = 4*f - z. Suppose -k = -m + 2*k + 65, -3*k - 301 = -f*m. Is m prime?
True
Suppose 2*p - q - 41 = 4*q, 5*p - 95 = 5*q. Let g(s) = -s**3 - 5*s**2 + s + 6. Let m be g(-5). Let c = p + m. Is c a prime number?
True
Let s(c) = -3*c + 10267. Is s(0) a prime number?
True
Let p = 286696 + -172979. Is p a prime number?
True
Let x(p) = 4*p - 3 + 14*p**2 + 6 - 8*p**2. Let u(l) = -l**2 + 3*l - 2. Let k be u(3). Is x(k) a composite number?
False
Suppose -5*g = -g + 4*l - 4320, -2164 = -2*g - 3*l. Let o = -1 + 1. Suppose -4*r = -o*r - g. Is r a prime number?
True
Suppose 5343 = 12*i - 14565. Suppose -3*m = -5*t - 1336, 3*m + 2*t - i = -358. Is m prime?
False
Let z(t) = t + 18. Let x be z(-14). Suppose -2*q - 3*o + 2402 = 2*o, 2406 = 2*q + x*o. Is q a composite number?
True
Let d = -2430 - -7141. Is d prime?
False
Suppose 0 = -2*f - 0*f + 6. Let l(w) = 7 + 8*w**3 - 11*w**f + 4*w + 2*w**3. Is l(-8) prime?
True
Let m(x) = 191*x - 8. Is m(15) composite?
False
Suppose -2*y + 4*y - 2438 = 0. Suppose -2719 = -2*q + y. Is q a prime number?
False
Let q(a) = -6*a**2 - 13*a + 40. Let y be q(-12). Let r = -879 - -582. Let b = r - y. Is b composite?
True
Let d = -55 + 55. Let t(w) = -w**2 + 2*w + 499. Is t(d) a composite number?
False
Let b(g) = g**3 + 3*g**2 + g + 2. Suppose 0*l = -5*l - 15. Let y be b(l). Is -2*(y + 132/(-2)) a composite number?
True
Let w = 13 + -3. Suppose -2*y + w = 3*y. Is 1 + -1 + 249 + y composite?
False
Suppose 5*j = 7*j - 2452. Suppose 0 = 4*k + 2*i - 1230, 4*i - 2*i + j = 4*k. Is k a composite number?
False
Let u(o) = -9*o - 2. Let v be 11/(-55) - (-48)/(-10). Is u(v) a prime number?
True
Is 1/((-140568)/(-15618) + -9) prime?
False
Let o = -90 + 95. Let r be 63 + 0 - (-2)/2. Suppose o*h = 66 + r. Is h a composite number?
True
Let g be 7/49 + 1534/(-7). Let j = 2 - g. Is j composite?
True
Let g(z) = -z**2 - 7*z. Let r be g(-7). Suppose -865 = -4*t + 5*l + 1517, r = l - 2. Suppose n = -n + t. Is n a composite number?
True
Suppose -4*y - 5*c = -2*c + 1, 2*c = -y - 4. Let b be (-3)/(2 + (-7)/y). Suppose 0 = j + 1, -571 = -6*x + 3*x - b*j. Is x a prime number?
True
Let c = 31 - 25. Suppose -96 - 396 = -c*o. Is o a composite number?
True
Suppose -18424 = -5*l + 2*a, 0 = l + a - 3*a - 3688. Is ((-2)/3)/((-8)/l) a composite number?
False
Let l = 21 - 16. Suppose -u = -l*u + 8. Suppose -u*f + 2*q = -416, -108 = -2*f - 2*q + 328. Is f a composite number?
True
Suppose 0 = -3*k + q + 3, -4*k + q = 5*q - 20. Let p be 112 + (3*-3)/3. Suppose -k*z + 3*a = -200, p = z + 5*a - 2*a. Is z a composite number?
False
Let c(r) = -2*r**2 - 28*r + 68. Let y be c(-16). Suppose v = -v. Suppose v = y*x - 5*g - 928, 3*x + g - 699 = 4*g. Is x a composite number?
True
Let d(j) = j**3 - 14*j**2 + 3*j + 13. Let i be d(14). Let v = -12 + i. Is v a composite number?
False
Let n(q) = -3*q - 1. Let m be n(-2). Let k be 2/2 + (m - 2). Suppose k*f = 4*t - 376, 5*t + 0*t - f - 458 = 0. Is t a composite number?
True
Is 8 - (-75*131 - -4) a composite number?
False
Let b(s) = 3*s**3 - s**2 + 3*s - 3. Suppose 0 = -0*w - w + 8. Suppose -m - m = -w. Is b(m) a prime number?
False
Suppose 3 = 4*k - 13. Suppose -1353 = -k*z + f - 0*f, -5*z - f + 1680 = 0. Let b = 72 + z. Is b composite?
False
Let d be (0 - -2)/(-10) + 144/(-30). Is (22/(-4) - d)/((-2)/5444) prime?
True
Suppose -3*t + 0*t - 29 = -4*q, -5*q + 4*t = -37. Let p be (1 - 0)/(q/1745). Is (p - -1) + (-12 - -9) composite?
False
Let a = 5123 + -3302. Is a prime?
False
Let f = -15 - -8. Is 16/56 - 355/f prime?
False
Let y be 24/(-2)*7/(-14). Let x be (-4 - -1)/(y/(-10)). Suppose 23 = x*f - 312. Is f prime?
True
Let a be (2 + -86 - -6) + 4*1. Is (2 - (-105)/(-10))*a prime?
False
Let a = 13928 + -9310. Is a a prime number?
False
Suppose 0 = -2*y - 3*y. Let h be (0/(-9))/(-1 - y). Suppose h = -2*j - 3*j + 1295. Is j prime?
False
Let x be (-1 + 20/4 - 125) + -4. Let h = x + 244. Is h a composite number?
True
Is (6/9)/(-6*(-7)/129717) a composite number?
True
Suppose 4*h + 3*g - 3313 = 0, -2*g - 775 = -h + 56. Is h composite?
False
Let n(t) = -485*t + 4. Is n(-3) a composite number?
False
Let j be 2*55/(-10)*-13. Let r = j - -36. Is r a composite number?
False
Let h(y) be the third derivative of -y**6/40 + y**5/60 - y**4/24 - y**3/6 + y**2. Let s be h(-3). Let w = s + -1. Is w a prime number?
False
Let j = 876 - 5487. Let z be j/(-3) + (-2 - 0). Suppose -l + 6*l - z = 0. Is l a prime number?
True
Let i be (120/(-54) - -4) + (-2)/(-9). Suppose 2*d = -4*c + 3636, 4*c - i*c - 4*d = 1838. Is c prime?
True
Let g(r) = r + 10. Let v be g(-8). Suppose 5*z + 2 = -18, 38 = v*b + z. Is 68/3 - (-7)/b a prime number?
True
Let x = 777 - 398. Is x prime?
True
Let w(i) = -8*i**2 + 8*i - 10. Let y be w(-8). Is y/1*(-1)/2 prime?
True
Let f = 224 - 315. Let v = f + 180. Is v composite?
False
Suppose 33728 - 6275 = i. Is i a composite number?
True
Let g be 169 - 0/(3 + -2). Let f be (-2)/4 - (1 - 651/6). Let c = g - f. Is c composite?
True
Let d(j) = -4*j - 14. Let q be d(-4). Suppose -1167 = -s + m + 89, 2 = -q*m. Is s prime?
False
Let b(d) = 6*d + 13*d**2 - d**3 + d**2 + 12*d - 2. Let w be -30*(10/(-40) + 2/(-8)). Is b(w) composite?
False
Suppose 0 = 3*y + c - 0*c - 78402, 0 = 2*y + 4*c - 52258. Is y a composite number?
True
Suppose -2*k + 16497 + 20103 = 4*l, -5*l = k - 45753. Is l a prime number?
True
Is 332 + 3 + -3 + -1 a prime number?
True
Let u = 557 - -1220. Is u composite?
False
Let k = -4937 - -8926. Is k composite?
False
Let u(b) = -b**3 - 9*b**2 - 27*b + 8. Is u(-9) a composite number?
False
Suppose -9*i + 3*i + 35274 = 0. Is i composite?
False
Let g = -28 - -37. Let b(v) = -v**3 + 13*v**2 - 10*v + 1. Let n be b(g). Let y = 380 - n. Is y a prime number?
False
Let m = -39 + 44. S